and w?
11
Let q be 156 - 16 - 4*1. What is the highest common factor of 17 and q?
17
Suppose 0 = -g - y + 6, -4*g + 3*y + 52 = -0. Let a = 174 + -104. What is the highest common factor of a and g?
10
Let d(l) = -l**3 + l**2 + 3. Suppose -2 = -u + 3, 4*u = -4*j + 20. Let a be d(j). Suppose 0 = -2*s + a + 17. Calculate the greatest common divisor of s and 10.
10
Let i be 1 - -2 - 1 - -8. Let t = -4 - -6. Calculate the highest common factor of t and i.
2
Let k be 82 + -2 + (-1)/(-1). What is the greatest common factor of k and 9?
9
Suppose -4*l = 4*t - 0*l - 508, 4*t - 532 = 4*l. Calculate the highest common divisor of t and 13.
13
Suppose -4 = 4*v, -20 = 4*q + q + 5*v. Let n(w) = 11*w**2 - 5*w - 4. Let s be n(q). What is the greatest common factor of s and 10?
10
Let q be 46 + (0 - 2 - 0). Let b(x) = x**2 + 5*x - 10. Let s be b(-7). What is the greatest common divisor of s and q?
4
Let r(p) = -25*p - 21. Let g be r(-7). Suppose 2*l - g = -22. Calculate the greatest common factor of l and 6.
6
Suppose -5*c - 2*h + 47 = 0, 0 = -2*h - 8. Let g(n) = -10*n**3 - 3*n**2 - 3. Let m be g(-3). Let k = m + -141. Calculate the greatest common factor of c and k.
11
Suppose -3*l + 5 = -2*v, -5*v + 10 = -0*v - 3*l. Suppose -4*m + 10 = -2*m. Suppose -m*c = -c - 100. What is the highest common divisor of v and c?
5
Let h = 12 - 10. Suppose -1 = -n, -2*f + 218 = 2*f + h*n. Calculate the highest common factor of f and 6.
6
Let b be (15/4)/((-30)/(-1720)). Calculate the highest common divisor of b and 86.
43
Let d be 24/(-9)*3/(-2). Suppose 30 = d*l + 2*l. What is the greatest common divisor of 5 and l?
5
Let h(z) = z**3 - 5*z**2 + 7*z - 9. Let j be h(5). What is the greatest common divisor of j and 52?
26
Let k be 0 - 12 - (0 + -1). Let q be (-1 - 0)/(1/k). Let z = 25 - q. What is the highest common factor of 154 and z?
14
Let g(s) = -68*s + 10. Let f be g(-7). Let a be 2/(-11) + f/11. Let w = 14 - 3. Calculate the greatest common divisor of w and a.
11
Let d(b) = b**3 + b**2 - 3*b + 48. Let z be d(0). What is the highest common factor of 8 and z?
8
Suppose 0 = 2*a - 5 + 11. Let m be a/(-12) + (-89)/4. Let t = -9 - m. What is the greatest common factor of 143 and t?
13
Suppose 5*u + 5*i + 15 = 50, -15 = -u - 5*i. What is the greatest common factor of u and 25?
5
Suppose -3*o + 2 = -10. Let r(t) = -7*t**3 + 1 - 2*t**3 + o*t**2 - 3*t**2 + 2*t. Let i be r(-1). What is the greatest common factor of 72 and i?
9
Let p = 811 + -519. Suppose 3*x - 20 = p. What is the highest common divisor of x and 13?
13
Let o be -3*(-2 + 68/12). Let b be (o/2)/((-4)/88). Calculate the highest common factor of b and 11.
11
Suppose -16*n + 13*n = -99. Calculate the greatest common factor of 3 and n.
3
Let z(q) = 5*q + 2*q**2 + 2*q - q**2 + 6 + q. Let k be z(-8). Calculate the greatest common factor of k and 48.
6
Let w = 4 - 1. Suppose -z + w*z = 30. Suppose 0 = 2*m - 0*m - o - z, 12 = 3*m + 2*o. What is the greatest common factor of m and 48?
6
Let o(w) = -10*w - 3. Let f(l) = 5*l + 2. Let r(c) = 7*f(c) + 4*o(c). Let m be r(-1). Calculate the highest common divisor of 63 and m.
7
Let i(r) = 5*r. Let l be i(8). Let q = 15 + -11. Suppose -q*n + 3*g = -2*n - 16, 0 = -2*g. Calculate the greatest common factor of l and n.
8
Suppose 0 = 4*n - y - 33, 2*n - n + y = 12. Suppose 0 = -n*x + 4*x + 595. What is the greatest common divisor of x and 17?
17
Let t be 274/14 + (-9)/(-21). Let x = 4 - 3. Let f = 9 + x. Calculate the highest common divisor of f and t.
10
Let z be (3 - (2 - -8))*(1 - 2). Calculate the greatest common divisor of z and 49.
7
Let z = 117 - 69. Calculate the greatest common divisor of 16 and z.
16
Let z = -19 - -43. Calculate the greatest common divisor of z and 132.
12
Let z be (-1)/((-4)/(-40)*-1). Calculate the greatest common divisor of z and 2.
2
Suppose 0*d - 4*d + 128 = 0. What is the highest common divisor of d and 4?
4
Suppose -35 = -3*q + 4*x, -x = -2*x - 2. Suppose -p + 7 = 2. Let n = q - p. Calculate the greatest common divisor of n and 36.
4
Let m = 39 + 3. What is the greatest common divisor of 63 and m?
21
Let s(k) = -k**3 - 15*k**2 + 28*k - 37. Let b be s(-17). Calculate the greatest common divisor of b and 39.
13
Let a be 495/6*4/(-5). Let r = -32 - a. What is the highest common divisor of r and 51?
17
Suppose -2*o = 2*k - 0*o - 554, -819 = -3*k + 3*o. Calculate the greatest common divisor of k and 25.
25
Suppose 4*z + 0*z = 32. Calculate the greatest common divisor of z and 32.
8
Let a(p) = 3*p**2 + p - 6. Let w be a(-7). Let t be (-6)/33 + w/11. What is the greatest common divisor of 30 and t?
6
Let k be ((-3)/(-2))/(27/810). Calculate the greatest common factor of 405 and k.
45
Suppose 6*i = 4*i + 46. Let n = i - 11. Calculate the greatest common divisor of 108 and n.
12
Suppose -2*c = -0*c - 6. Suppose o + 2*g = 6, c*o = -2*o + 4*g + 72. What is the highest common factor of o and 132?
12
Let h(w) be the first derivative of w**2/2 + 6*w + 1. Let g be h(0). What is the greatest common factor of g and 3?
3
Let j be (2/(-6))/(6/(-468)). Let h be (-4)/j - 1828/(-52). Let a = 43 - 29. Calculate the greatest common factor of h and a.
7
Let o(i) be the second derivative of i**4/6 - 2*i**3/3 - 3*i**2/2 + 3*i. Let j be o(-2). What is the greatest common divisor of j and 65?
13
Let a(i) = -i**3 + 6*i**2 - i - 2. Let r = -4 - -8. Let v be a(r). What is the greatest common divisor of v and 13?
13
Suppose -3*a + 3 + 3 = 0. Let k(q) = 5*q. Let s be k(a). Calculate the highest common divisor of 110 and s.
10
Suppose -7*j = -6*j - 15. Suppose 0 = -5*o - 0*o. Suppose o = 2*t - 0*t - 90. What is the greatest common divisor of j and t?
15
Suppose b + 100 = 4*s + 22, 4*s = -3*b - 202. Let q be b/(-6)*(4 + 2). Let v = 81 + -53. Calculate the greatest common divisor of q and v.
14
Let v = 14 - 6. Calculate the highest common divisor of 8 and v.
8
Let l(s) = s**2 + 13*s - 13. Let i be l(-15). Let j = 25 - i. Calculate the greatest common divisor of j and 72.
8
Let c = 165 + -53. Suppose 2*q + 10 = 0, 2*g - 163 = -3*q + 6*q. Let h = c - g. Calculate the greatest common divisor of h and 19.
19
Suppose -3*s = 2*m + 3, 2*s - 5*m = -m + 14. Let r be 4/14 - (-12)/7. What is the greatest common factor of r and s?
1
Suppose -2*n - 15 = -5*n. Suppose 4 = 2*g - 5*a + a, 0 = 2*g - 3*a - n. Suppose 0 = -g*b + 1 + 79. Calculate the highest common divisor of b and 4.
4
Let b = 0 - -16. Suppose 400 = 6*m + 16. Calculate the greatest common divisor of m and b.
16
Let l be 278/(-2)*(-2)/2. Suppose 0*t - a - 23 = -t, 3*a = -5*t + l. Suppose 19 + t = 3*i. Calculate the highest common factor of i and 3.
3
Let g(i) = -i + 31. Let c be g(19). What is the greatest common divisor of 12 and c?
12
Let k(s) = s**2 + 23*s - 14. Let x be k(-25). Let z be (1 - -35)*(-2)/(-4). What is the highest common factor of z and x?
18
Suppose 0 = 3*g - 250 + 7. Calculate the highest common divisor of 9 and g.
9
Suppose 2*t - 5*z = 17, -9 - 67 = -4*t - 4*z. Suppose 0 = 2*o - 28 - 68. What is the highest common divisor of t and o?
16
Suppose -3*q - 840 = -11*q. What is the greatest common factor of q and 21?
21
Let h = -14 - -21. Let r be 2/h + 89/7. Calculate the highest common divisor of r and 91.
13
Let r = -35 + 39. Calculate the highest common factor of r and 36.
4
Suppose -o + 0 + 5 = 0. Suppose 2*s + 90 - 4 = -3*x, s + 148 = -o*x. Let m = x + 58. What is the highest common divisor of 4 and m?
4
Let f(l) = -l**3 - 3*l**2 + 2*l - 5. Let m be f(-4). Suppose s = -m*u + 43, u - 26 = -4*s + 3. Calculate the highest common factor of 117 and u.
13
Let u be 32/2 - (-3 - -4). Suppose 4*b = 44 + 16. What is the highest common factor of u and b?
15
Let x = -331 + 571. Calculate the greatest common factor of 30 and x.
30
Let f = 3 + 3. Suppose -f = -y - 2*h, -h = y + 4*y - 3. Suppose y*w - 18 = -3*w. What is the greatest common divisor of w and 54?
6
Let a(i) = 2*i**2 + 92. Let q be a(0). Let t = 9 + 14. Calculate the greatest common divisor of t and q.
23
Let l(k) = -k**3 - 12*k**2 - 11*k + 1. Let m(x) = x**3 + 5*x**2 + 3*x + 4. Let s be m(-5). Let q be l(s). Calculate the greatest common divisor of 3 and q.
1
Suppose -53 - 11 = -2*i. Calculate the highest common factor of i and 4.
4
Let z(d) = -d**3 + 10*d**2 + 12*d + 5. 